CRAN Package Check Results for Package anoint

Last updated on 2018-10-19 03:50:33 CEST.

Flavor Version Tinstall Tcheck Ttotal Status Flags
r-devel-linux-x86_64-debian-clang 1.4 8.88 75.70 84.58 NOTE
r-devel-linux-x86_64-debian-gcc 1.4 7.34 59.56 66.90 NOTE
r-devel-linux-x86_64-fedora-clang 1.4 97.69 NOTE
r-devel-linux-x86_64-fedora-gcc 1.4 95.86 NOTE
r-devel-windows-ix86+x86_64 1.4 16.00 104.00 120.00 NOTE
r-patched-linux-x86_64 1.4 6.29 64.08 70.37 NOTE
r-patched-solaris-x86 1.4 132.90 NOTE
r-release-linux-x86_64 1.4 7.60 65.55 73.15 NOTE
r-release-windows-ix86+x86_64 1.4 18.00 99.00 117.00 NOTE
r-release-osx-x86_64 1.4 NOTE
r-oldrel-windows-ix86+x86_64 1.4 9.00 102.00 111.00 NOTE
r-oldrel-osx-x86_64 1.4 NOTE

Check Details

Version: 1.4
Check: whether the namespace can be loaded with stated dependencies
Result: NOTE
    Warning: no function found corresponding to methods exports from ‘anoint’ for: ‘show’
    
    A namespace must be able to be loaded with just the base namespace
    loaded: otherwise if the namespace gets loaded by a saved object, the
    session will be unable to start.
    
    Probably some imports need to be declared in the NAMESPACE file.
Flavors: r-devel-linux-x86_64-debian-clang, r-devel-linux-x86_64-debian-gcc, r-devel-linux-x86_64-fedora-clang, r-devel-linux-x86_64-fedora-gcc, r-devel-windows-ix86+x86_64, r-patched-linux-x86_64, r-patched-solaris-x86, r-release-linux-x86_64, r-release-windows-ix86+x86_64, r-release-osx-x86_64, r-oldrel-windows-ix86+x86_64, r-oldrel-osx-x86_64