CRAN Package Check Results for Package anoint

Last updated on 2018-08-16 03:49:30 CEST.

Flavor Version Tinstall Tcheck Ttotal Status Flags
r-devel-linux-x86_64-debian-clang 1.4 7.02 74.45 81.47 NOTE
r-devel-linux-x86_64-debian-gcc 1.4 6.44 60.50 66.94 NOTE
r-devel-linux-x86_64-fedora-clang 1.4 95.29 NOTE
r-devel-linux-x86_64-fedora-gcc 1.4 94.93 NOTE
r-devel-windows-ix86+x86_64 1.4 12.00 86.00 98.00 NOTE
r-patched-linux-x86_64 1.4 6.18 63.26 69.44 NOTE
r-patched-solaris-x86 1.4 133.20 NOTE
r-release-linux-x86_64 1.4 5.80 63.94 69.74 NOTE
r-release-windows-ix86+x86_64 1.4 11.00 103.00 114.00 NOTE
r-release-osx-x86_64 1.4 NOTE
r-oldrel-windows-ix86+x86_64 1.4 10.00 78.00 88.00 NOTE
r-oldrel-osx-x86_64 1.4 NOTE

Check Details

Version: 1.4
Check: whether the namespace can be loaded with stated dependencies
Result: NOTE
    Warning: no function found corresponding to methods exports from ‘anoint’ for: ‘show’
    
    A namespace must be able to be loaded with just the base namespace
    loaded: otherwise if the namespace gets loaded by a saved object, the
    session will be unable to start.
    
    Probably some imports need to be declared in the NAMESPACE file.
Flavors: r-devel-linux-x86_64-debian-clang, r-devel-linux-x86_64-debian-gcc, r-devel-linux-x86_64-fedora-clang, r-devel-linux-x86_64-fedora-gcc, r-devel-windows-ix86+x86_64, r-patched-linux-x86_64, r-patched-solaris-x86, r-release-linux-x86_64, r-release-windows-ix86+x86_64, r-release-osx-x86_64, r-oldrel-windows-ix86+x86_64, r-oldrel-osx-x86_64