CRAN Package Check Results for Package RFOC

Last updated on 2015-01-25 03:48:26.

Flavor Version Tinstall Tcheck Ttotal Status Flags
r-devel-linux-x86_64-debian-clang 3.3-3 2.58 45.60 48.18 OK
r-devel-linux-x86_64-debian-gcc 3.3-3 2.52 43.32 45.84 OK
r-devel-linux-x86_64-fedora-clang 3.3-3 96.27 OK
r-devel-linux-x86_64-fedora-gcc 3.3-3 94.52 OK
r-devel-osx-x86_64-clang 3.3-3 84.76 OK
r-devel-windows-ix86+x86_64 3.3-3 10.00 79.00 89.00 OK
r-patched-linux-x86_64 3.3-3 2.59 46.96 49.55 OK
r-patched-solaris-sparc 3.3-3 572.70 OK
r-patched-solaris-x86 3.3-3 123.60 OK
r-release-linux-ix86 3.3-3 3.21 56.69 59.90 OK
r-release-linux-x86_64 3.3-3 2.60 47.23 49.83 OK
r-release-osx-x86_64-mavericks 3.3-3 OK
r-release-osx-x86_64-snowleopard 3.3-3 ERROR
r-release-windows-ix86+x86_64 3.3-3 10.00 81.00 91.00 OK
r-oldrel-windows-ix86+x86_64 3.3-3 12.00 77.00 89.00 OK

Check Details

Version: 3.3-3
Check: whether package can be installed
Result: ERROR
    Installation failed.
Flavor: r-release-osx-x86_64-snowleopard