CRAN Package Check Results for Package RFOC

Last updated on 2014-11-26 03:48:04.

Flavor Version Tinstall Tcheck Ttotal Status Flags
r-devel-linux-x86_64-debian-clang 3.3-3 2.72 45.15 47.88 OK
r-devel-linux-x86_64-debian-gcc 3.3-3 2.51 44.44 46.96 OK
r-devel-linux-x86_64-fedora-clang 3.3-3 99.21 OK
r-devel-linux-x86_64-fedora-gcc 3.3-3 89.04 OK
r-devel-osx-x86_64-clang 3.3-3 85.21 OK
r-devel-windows-ix86+x86_64 3.3-3 9.00 73.00 82.00 OK
r-patched-linux-x86_64 3.3-3 2.62 49.57 52.19 OK
r-patched-solaris-sparc 3.3-3 574.20 OK
r-patched-solaris-x86 3.3-3 119.20 OK
r-release-linux-ix86 3.3-3 3.30 56.68 59.98 OK
r-release-linux-x86_64 3.3-3 2.60 45.54 48.15 OK
r-release-osx-x86_64-mavericks 3.3-3 OK
r-release-osx-x86_64-snowleopard 3.3-3 ERROR
r-release-windows-ix86+x86_64 3.3-3 7.00 77.00 84.00 OK
r-oldrel-windows-ix86+x86_64 3.3-3 8.00 75.00 83.00 OK

Check Details

Version: 3.3-3
Check: whether package can be installed
Result: ERROR
    Installation failed.
Flavor: r-release-osx-x86_64-snowleopard