CRAN Package Check Results for Package RFOC

Last updated on 2014-04-16 03:50:00.

Flavor Version Tinstall Tcheck Ttotal Status Flags
r-devel-linux-x86_64-debian-clang 3.3-3 2.73 48.78 51.51 OK
r-devel-linux-x86_64-debian-gcc 3.3-3 2.73 47.28 50.01 OK
r-devel-linux-x86_64-fedora-clang 3.3-3 98.64 OK
r-devel-linux-x86_64-fedora-gcc 3.3-3 91.23 OK
r-devel-macosx-x86_64-clang 3.3-3 85.90 OK
r-devel-macosx-x86_64-gcc 3.3-3 OK
r-devel-windows-ix86+x86_64 3.3-3 9.00 65.00 74.00 OK
r-patched-linux-x86_64 3.3-3 2.76 47.68 50.44 OK
r-patched-solaris-sparc 3.3-3 552.40 OK
r-patched-solaris-x86 3.3-3 116.70 OK
r-release-linux-ix86 3.3-3 OK
r-release-linux-x86_64 3.3-3 2.74 48.11 50.85 OK
r-release-macosx-x86_64 3.3-3 ERROR
r-release-windows-ix86+x86_64 3.3-3 8.00 70.00 78.00 OK
r-oldrel-windows-ix86+x86_64 3.3-3 9.00 70.00 79.00 OK

Check Details

Version: 3.3-3
Check: whether package can be installed
Result: ERROR
    Installation failed.
    See ‘/Volumes/XT3/Builds/R-dev-web/QA/Simon/packages/snowleopard-x86_64/results/3.1/RFOC.Rcheck/00install.out’ for details.
Flavor: r-release-macosx-x86_64