CRAN Package Check Results for Package RFOC

Last updated on 2014-12-21 03:48:24.

Flavor Version Tinstall Tcheck Ttotal Status Flags
r-devel-linux-x86_64-debian-clang 3.3-3 3.06 45.25 48.31 OK
r-devel-linux-x86_64-debian-gcc 3.3-3 2.63 44.22 46.85 OK
r-devel-linux-x86_64-fedora-clang 3.3-3 96.49 OK
r-devel-linux-x86_64-fedora-gcc 3.3-3 90.60 OK
r-devel-osx-x86_64-clang 3.3-3 86.52 OK
r-devel-windows-ix86+x86_64 3.3-3 11.00 75.00 86.00 OK
r-patched-linux-x86_64 3.3-3 2.60 45.68 48.29 OK
r-patched-solaris-sparc 3.3-3 574.20 OK
r-patched-solaris-x86 3.3-3 119.30 OK
r-release-linux-ix86 3.3-3 3.23 56.60 59.83 OK
r-release-linux-x86_64 3.3-3 2.61 45.03 47.64 OK
r-release-osx-x86_64-mavericks 3.3-3 OK
r-release-osx-x86_64-snowleopard 3.3-3 ERROR
r-release-windows-ix86+x86_64 3.3-3 9.00 76.00 85.00 OK
r-oldrel-windows-ix86+x86_64 3.3-3 10.00 80.00 90.00 OK

Check Details

Version: 3.3-3
Check: whether package can be installed
Result: ERROR
    Installation failed.
Flavor: r-release-osx-x86_64-snowleopard