CRAN Package Check Results for Package RFOC

Last updated on 2015-03-01 03:48:45.

Flavor Version Tinstall Tcheck Ttotal Status Flags
r-devel-linux-x86_64-debian-clang 3.3-3 2.12 40.76 42.89 OK
r-devel-linux-x86_64-debian-gcc 3.3-3 2.06 39.32 41.38 OK
r-devel-linux-x86_64-fedora-clang 3.3-3 81.77 OK
r-devel-linux-x86_64-fedora-gcc 3.3-3 72.49 OK
r-devel-osx-x86_64-clang 3.3-3 77.87 OK
r-devel-windows-ix86+x86_64 3.3-3 12.00 64.00 76.00 OK
r-patched-linux-x86_64 3.3-3 2.66 48.27 50.93 OK
r-patched-solaris-sparc 3.3-3 572.70 OK
r-patched-solaris-x86 3.3-3 121.20 OK
r-release-linux-ix86 3.3-3 3.20 58.94 62.14 OK
r-release-linux-x86_64 3.3-3 4.04 49.28 53.31 OK
r-release-osx-x86_64-mavericks 3.3-3 OK
r-release-osx-x86_64-snowleopard 3.3-3 ERROR
r-release-windows-ix86+x86_64 3.3-3 11.00 80.00 91.00 OK
r-oldrel-windows-ix86+x86_64 3.3-3 10.00 76.00 86.00 OK

Check Details

Version: 3.3-3
Check: whether package can be installed
Result: ERROR
    Installation failed.
Flavor: r-release-osx-x86_64-snowleopard