CRAN Package Check Results for Package RFOC

Last updated on 2014-08-27 03:49:42.

Flavor Version Tinstall Tcheck Ttotal Status Flags
r-devel-linux-x86_64-debian-clang 3.3-3 2.63 45.13 47.76 OK
r-devel-linux-x86_64-debian-gcc 3.3-3 2.59 44.49 47.08 OK
r-devel-linux-x86_64-fedora-clang 3.3-3 96.49 OK
r-devel-linux-x86_64-fedora-gcc 3.3-3 98.14 OK
r-devel-osx-x86_64-clang 3.3-3 81.05 OK
r-devel-windows-ix86+x86_64 3.3-3 8.00 70.00 78.00 OK
r-patched-linux-x86_64 3.3-3 2.76 45.43 48.19 OK
r-patched-solaris-sparc 3.3-3 574.20 OK
r-patched-solaris-x86 3.3-3 119.50 OK
r-release-linux-ix86 3.3-3 3.34 59.05 62.39 OK
r-release-linux-x86_64 3.3-3 2.79 48.29 51.08 OK
r-release-osx-x86_64-mavericks 3.3-3 OK
r-release-osx-x86_64-snowleopard 3.3-3 ERROR
r-release-windows-ix86+x86_64 3.3-3 9.00 74.00 83.00 OK
r-oldrel-windows-ix86+x86_64 3.3-3 8.00 74.00 82.00 OK

Check Details

Version: 3.3-3
Check: whether package can be installed
Result: ERROR
    Installation failed.
Flavor: r-release-osx-x86_64-snowleopard