CRAN Package Check Results for Package RFOC

Last updated on 2014-09-17 03:47:45.

Flavor Version Tinstall Tcheck Ttotal Status Flags
r-devel-linux-x86_64-debian-clang 3.3-3 2.80 45.21 48.01 OK
r-devel-linux-x86_64-debian-gcc 3.3-3 2.52 44.39 46.91 OK
r-devel-linux-x86_64-fedora-clang 3.3-3 94.53 OK
r-devel-linux-x86_64-fedora-gcc 3.3-3 107.74 OK
r-devel-osx-x86_64-clang 3.3-3 80.22 OK
r-devel-windows-ix86+x86_64 3.3-3 10.00 65.00 75.00 OK
r-patched-linux-x86_64 3.3-3 3.94 45.86 49.80 OK
r-patched-solaris-sparc 3.3-3 574.20 OK
r-patched-solaris-x86 3.3-3 118.00 OK
r-release-linux-ix86 3.3-3 3.37 64.23 67.60 OK
r-release-linux-x86_64 3.3-3 3.13 47.10 50.22 OK
r-release-osx-x86_64-mavericks 3.3-3 OK
r-release-osx-x86_64-snowleopard 3.3-3 ERROR
r-release-windows-ix86+x86_64 3.3-3 8.00 69.00 77.00 OK
r-oldrel-windows-ix86+x86_64 3.3-3 7.00 72.00 79.00 OK

Check Details

Version: 3.3-3
Check: whether package can be installed
Result: ERROR
    Installation failed.
Flavor: r-release-osx-x86_64-snowleopard