CRAN Package Check Results for Package RFOC

Last updated on 2014-07-27 03:49:12.

Flavor Version Tinstall Tcheck Ttotal Status Flags
r-devel-linux-x86_64-debian-clang 3.3-3 2.72 46.05 48.77 OK
r-devel-linux-x86_64-debian-gcc 3.3-3 2.62 45.96 48.59 OK
r-devel-linux-x86_64-fedora-clang 3.3-3 100.02 OK
r-devel-linux-x86_64-fedora-gcc 3.3-3 93.43 OK
r-devel-osx-x86_64-clang 3.3-3 83.22 OK
r-devel-windows-ix86+x86_64 3.3-3 9.00 75.00 84.00 OK
r-patched-linux-x86_64 3.3-3 2.76 45.16 47.92 OK
r-patched-solaris-sparc 3.3-3 552.40 OK
r-patched-solaris-x86 3.3-3 118.40 OK
r-release-linux-ix86 3.3-3 3.41 58.36 61.77 OK
r-release-linux-x86_64 3.3-3 2.62 46.80 49.42 OK
r-release-osx-x86_64-mavericks 3.3-3 OK
r-release-osx-x86_64-snowleopard 3.3-3 ERROR
r-release-windows-ix86+x86_64 3.3-3 8.00 73.00 81.00 OK
r-oldrel-windows-ix86+x86_64 3.3-3 9.00 71.00 80.00 OK

Check Details

Version: 3.3-3
Check: whether package can be installed
Result: ERROR
    Installation failed.
    See /Volumes/XT3/Builds/R-dev-web/QA/Simon/packages/snowleopard-x86_64/results/3.1/RFOC.Rcheck/00install.out for details.
Flavor: r-release-osx-x86_64-snowleopard