CRAN Package Check Results for Package RFOC

Last updated on 2014-10-29 01:48:54.

Flavor Version Tinstall Tcheck Ttotal Status Flags
r-devel-linux-x86_64-debian-clang 3.3-3 2.79 45.62 48.41 OK
r-devel-linux-x86_64-debian-gcc 3.3-3 3.88 44.76 48.64 OK
r-devel-linux-x86_64-fedora-clang 3.3-3 95.60 OK
r-devel-linux-x86_64-fedora-gcc 3.3-3 89.18 OK
r-devel-osx-x86_64-clang 3.3-3 84.40 OK
r-devel-windows-ix86+x86_64 3.3-3 10.00 70.00 80.00 OK
r-patched-linux-x86_64 3.3-3 2.60 45.94 48.54 OK
r-patched-solaris-sparc 3.3-3 574.20 OK
r-patched-solaris-x86 3.3-3 121.60 OK
r-release-linux-ix86 3.3-3 3.55 59.27 62.82 OK
r-release-linux-x86_64 3.3-3 2.68 46.21 48.90 OK
r-release-osx-x86_64-mavericks 3.3-3 OK
r-release-osx-x86_64-snowleopard 3.3-3 ERROR
r-release-windows-ix86+x86_64 3.3-3 8.00 75.00 83.00 OK
r-oldrel-windows-ix86+x86_64 3.3-3 8.00 77.00 85.00 OK

Check Details

Version: 3.3-3
Check: whether package can be installed
Result: ERROR
    Installation failed.
Flavor: r-release-osx-x86_64-snowleopard