CRAN Package Check Results for Package APSIM

Last updated on 2018-12-17 03:48:47 CET.

Flavor Version Tinstall Tcheck Ttotal Status Flags
r-devel-linux-x86_64-debian-clang 0.9.2 6.81 1.88 8.69 ERROR
r-devel-linux-x86_64-debian-gcc 0.9.2 5.66 1.82 7.48 ERROR
r-devel-linux-x86_64-fedora-clang 0.9.2 94.12 OK
r-devel-linux-x86_64-fedora-gcc 0.9.2 93.27 OK
r-devel-windows-ix86+x86_64 0.9.2 15.00 109.00 124.00 OK
r-patched-linux-x86_64 0.9.2 6.22 69.24 75.46 OK
r-patched-solaris-x86 0.9.2 143.30 OK
r-release-linux-x86_64 0.9.2 5.61 68.03 73.64 OK
r-release-windows-ix86+x86_64 0.9.2 16.00 109.00 125.00 OK
r-release-osx-x86_64 0.9.2 OK
r-oldrel-windows-ix86+x86_64 0.9.2 15.00 116.00 131.00 OK
r-oldrel-osx-x86_64 0.9.2 OK

Check Details

Version: 0.9.2
Check: whether the package can be loaded
Result: ERROR
    Loading this package had a fatal error status code 1
    Loading log:
    Error: package or namespace load failed for ‘APSIM’ in dyn.load(file, DLLpath = DLLpath, ...):
     unable to load shared object ‘/home/hornik/tmp/R.check/r-devel-clang/Work/build/Packages/Rcpp/libs/Rcpp.so’:
     /home/hornik/tmp/R.check/r-devel-clang/Work/build/Packages/Rcpp/libs/Rcpp.so: failed to map segment from shared object
    Execution halted
Flavor: r-devel-linux-x86_64-debian-clang

Version: 0.9.2
Check: whether the package can be loaded
Result: ERROR
    Loading this package had a fatal error status code 1
    Loading log:
    Error: package or namespace load failed for ‘APSIM’ in dyn.load(file, DLLpath = DLLpath, ...):
     unable to load shared object ‘/home/hornik/tmp/R.check/r-devel-gcc/Work/build/Packages/Rcpp/libs/Rcpp.so’:
     /home/hornik/tmp/R.check/r-devel-gcc/Work/build/Packages/Rcpp/libs/Rcpp.so: failed to map segment from shared object
    Execution halted
Flavor: r-devel-linux-x86_64-debian-gcc